 is divided by y(-9)?
8
Suppose 18 = 2*t - 2*c - 84, 305 = 5*t + 5*c. What is the remainder when 166 is divided by t?
54
Let o(g) = 57*g**2 - 4*g - 1. What is the remainder when o(2) is divided by 21?
9
Let f(b) = 8*b + 17. Suppose -3*k - 4 + 13 = 0. What is the remainder when 79 is divided by f(k)?
38
Suppose 2*n = 2*s - 0*s, -3*s + 10 = 2*n. Suppose -4*m - 10 = s. Let w(i) = -i**3 - 2*i**2 + 3*i + 4. What is the remainder when w(m) is divided by 3?
1
Suppose -2*w + 4 = 0, x + 2*w - 48 = 35. Suppose 3*p + p = -80. Calculate the remainder when x is divided by (p + 0 - 5)*8/(-10).
19
Let j = -32 - -72. Suppose -15*n + 9 = -12*n. Suppose -4*v - 62 = -5*f, 36 = n*f + 2*v - 5*v. What is the remainder when j is divided by f?
12
Let u = -27 + 39. Suppose u = q + 16. Calculate the remainder when (2 - q)*15/2 is divided by 16.
13
Let o = 253 - 236. What is the remainder when 50 is divided by o?
16
Let c = -147 - -217. What is the remainder when c is divided by 26?
18
Suppose 0 = -0*y - 5*y + 650. Suppose 65 = 4*p + 5*b - 36, -105 = -5*p - 2*b. What is the remainder when y is divided by p?
16
Let n(o) = -2*o**3 - 12*o**2 - 4*o + 17. What is the remainder when n(-7) is divided by 9?
8
Let f be (-2)/5 - (-799)/85. Suppose -f = -l + 10. What is the remainder when l is divided by 10?
9
Suppose -11*j + 830 = -j. Suppose -r + 2*g - 1 = -31, 3*g = -3. Calculate the remainder when j is divided by r.
27
Suppose p - 125 = 5*s, 23*p - 25*p - 5*s = -175. Calculate the remainder when 119 is divided by p.
19
Suppose -4*v = 3*u - 413, -4*u + 17*v = 13*v - 504. Let g = 9 - -3. Calculate the remainder when u is divided by g.
11
Let i be -5*2/(-10)*-1. Let c(q) = -52*q - 2. What is the remainder when c(i) is divided by 17?
16
Let n(t) = -2*t**2 + 2*t + 6. Let a be n(3). What is the remainder when (0 - 1)/((-2)/68) is divided by ((-18)/(-15))/(a/(-45))?
7
Let b = -2 - -4. Suppose -18 = -0*t - b*t. Let z(u) = u**3 - 10*u**2 - 19*u - 25. What is the remainder when z(12) is divided by t?
8
Let h(k) = 7*k**2 + k**2 - 6*k**2. Let s be h(1). Suppose 41 = 5*y + 4*r, -22 = -s*y - y - 5*r. Calculate the remainder when 33 is divided by y.
6
Let o(p) = 3*p**3 - 4*p**2 + 15*p - 21. What is the remainder when (-2)/(-5)*1*60 is divided by o(2)?
7
Let d(y) = 8*y**3 - y**2 + 4*y - 5. Let p be d(2). Suppose -2*m = t - p, 0 = 3*m - 5*m + 2*t + 78. What is the remainder when m is divided by 22?
12
Suppose 32*r + 21 = 373. What is the remainder when 126 is divided by r?
5
Let c(o) = -o**2 + 10*o - 8. Let m be c(7). Let p = 26 - m. Calculate the remainder when 62 is divided by p.
10
Let u be (-10)/75 + 32/15. Suppose -s = 5*z - 34 - 2, 4*z = u*s - 30. What is the remainder when 145 is divided by s?
19
Let d be (-45)/2*(-54)/15. Suppose 3 - 42 = -v - 5*s, -5*s + d = 4*v. Calculate the remainder when 53 is divided by v.
11
Let g(o) = 79*o - 21. Calculate the remainder when g(1) is divided by 15.
13
Suppose 324 = -0*x + 4*x. Let s(m) be the third derivative of -m**5/60 - 5*m**4/12 - m**3/2 + 4*m**2. What is the remainder when x is divided by s(-6)?
18
Suppose 117*b = 113*b + 516. What is the remainder when b is divided by 12?
9
Suppose 0*d = -5*f - d + 15, 0 = -d + 5. Suppose 4*z - 20 = -z - f*u, 0 = u - 5. Calculate the remainder when 19 is divided by z.
1
Let x be (-345)/6*(-36)/15. Let d = 146 - x. Calculate the remainder when 17 is divided by d.
1
Let i be 10 - (1 + 20/(-5)). Suppose i*b - 69 = 10*b. Calculate the remainder when b is divided by 13.
10
Suppose 0 = -2*m + m + 22. Calculate the remainder when (315/6 - -2)/(4/8) is divided by m.
21
Suppose -g + 728 = a, 29*g - 2913 = 25*g - 3*a. Calculate the remainder when g is divided by 43.
41
Let d = 2074 - 2056. Suppose 2*z = -4*g + 142, 3*g - 6*z + 2*z - 101 = 0. What is the remainder when g is divided by d?
17
Suppose -40 = -z - 4*a, -2*z + 17 = -2*a - 53. Let f = 75 - 68. Calculate the remainder when z is divided by f.
1
Let i = 34 - 37. Calculate the remainder when 69 is divided by 190/14 - i/7.
13
Suppose -5*v = 5*t + 25, v - 4*v + 5*t = 23. Let o be 30/(-2)*(-2)/v. Let y(a) = a**3 + 7*a**2 + 7*a + 7. What is the remainder when 65 is divided by y(o)?
21
Suppose 2*h + 3*m - 144 = 0, 3*m - 28 - 41 = -h. Suppose 4*z = -4*v + v + 114, 3*v + h = 3*z. What is the remainder when z is divided by 9?
0
Let b(d) = -d**2 - 2*d + 3. Let z be b(-3). Let r = z - -11. Suppose 0 = -4*v + 3*u + 175, v = -u + 2*u + 44. What is the remainder when v is divided by r?
10
Let o(j) = j**3 + 6*j**2 - 4*j - 15. Let y be o(-6). Suppose -6*n + y*n = 105. What is the remainder when 104 is divided by n?
34
Let i be 34 - 1*(-3 + 6). Let u = i + -12. What is the remainder when 54 is divided by u?
16
Let p = 118 - 118. Calculate the remainder when 0 + p + (-1)/(3/(-696)) is divided by 26.
24
Suppose 4*r + 90*f - 196 = 95*f, 5*f - 200 = -5*r. Let j = 265 + -136. Calculate the remainder when j is divided by r.
41
Suppose 0 = 3*c + 4*r - 112, r + 55 - 13 = c. Suppose x - 18 = 2*w - 5*w, 2*x = 5*w - 8. What is the remainder when c is divided by x?
4
Let p(h) = h**2 - h - 3. Let s be p(3). Suppose -s*v = 5*r - 98, 2*r + 5*v = 2*v + 41. Suppose o - 7 + 0 = 0. What is the remainder when r is divided by o?
5
Let q = 1 - 7. Calculate the remainder when 6 is divided by (-5)/(-15) + (-4)/q.
0
Let i(n) = -8*n + 1. Let c be (2*3/(-9))/(2/(-162)). Let f = c - 43. Calculate the remainder when i(-5) is divided by f.
8
Let z = 32 - 17. What is the remainder when 134 is divided by z?
14
Let r(p) = 13*p + 2. Suppose -k + 4*k - 3 = 0. Calculate the remainder when (109/(-2))/(k/2)*-1 is divided by r(2).
25
Let i(x) = 8*x**2 + 4*x - 1. Let g be i(-3). Suppose -279 = -4*k - g. Suppose -4*f - f + k = 0. What is the remainder when f is divided by 7?
4
Suppose -20*v + 411 + 169 = 0. What is the remainder when 110 is divided by v?
23
Let m(k) = 3*k + 83. What is the remainder when 46 is divided by m(-20)?
0
Let r = -101 + 106. Suppose 3*y + 471 = 5*o, -6*o + 2*o = r*y - 399. Calculate the remainder when o is divided by 14.
12
Suppose -62*d = -16*d - 3404. Calculate the remainder when d is divided by 27.
20
Let k(m) be the first derivative of m**4/4 - 3*m**3 + 7*m**2/2 + 11*m - 1. Let i be (-72)/30*(20/6)/(-1). Calculate the remainder when k(i) is divided by 2.
1
Let q(b) be the first derivative of -3*b**2 - 2 - b + 4 - 1 + 3. What is the remainder when 41 is divided by q(-2)?
8
Suppose -2*m = -3*g + 5*g, -5*g + 2*m = -35. Suppose -4*o = -2*z, 7 = -0*o + o - 4*z. Calculate the remainder when 14/((-2 - o) + 3) is divided by g.
2
Suppose -217 = -65*i + 433. Calculate the remainder when 106 is divided by i.
6
Let g(d) be the second derivative of d**3/6 + 3*d**2 - 9*d. Calculate the remainder when 66 is divided by g(17).
20
Let s(m) = -76*m + 778. What is the remainder when s(6) is divided by 28?
14
Let f(a) = 39*a**2 + a. Calculate the remainder when f(1) is divided by ((-10)/(-4))/((-10)/(-56)).
12
Suppose -3*m + k = -k + 20, 5*m + 2*k + 44 = 0. Calculate the remainder when (176/(-20))/(m/20) is divided by (-34)/(-4) + (-1)/2.
6
Let h be -4 + -2 + (-1)/1. Let m(l) = 10*l + 6. Let v(d) = 22*d + 13. Let k(p) = -9*m(p) + 4*v(p). Calculate the remainder when k(h) is divided by 5.
2
Suppose -4*w = u - 56 - 30, 2*u + 4 = 0. What is the remainder when 37 is divided by w?
15
Let n = -1063 - -1521. Calculate the remainder when n is divided by 23.
21
Suppose -6*p - 51 = -69. Calculate the remainder when 21 is divided by p.
0
Let n(f) = 6*f**2 - 2*f - 18. Let m be n(6). Suppose 2*j - m = -5*z, -2*z = z - 3*j - 99. Calculate the remainder when z is divided by 10.
6
Suppose -13 = 2*m - 89. Suppose 37 = 4*k - r, k + 4*r = 6*k - m. What is the remainder when k is divided by 2/6 - 34/(-6)?
4
Suppose 0 = -4*d - 0*m - 2*m + 56, 5*d + m = 64. Suppose -g - 4*v - v = -d, v = g - 30. Calculate the remainder when 78 is divided by g.
24
Suppose -950 = -4*g - g. Suppose -m + g = -3*s - 72, -3*s + 988 = 4*m. Suppose 3*x - m = 92. What is the remainder when x is divided by 29?
27
Suppose -4*h + 22 = -5*t, 6*t = 2*h + 2*t - 14. Suppose u - 28 = 2*v, -142 = -4*u + h*v - v. Calculate the remainder when u is divided by 8.
6
Suppose 5*z - 1782 + 175 = 2*u, 2*z - 5*u = 647. Calculate the remainder when z is divided by 62.
11